ate the remainder when 3079 is divided by 154.
153
Calculate the remainder when 15255 is divided by 5084.
3
What is the remainder when 1019709 is divided by 44335?
4
What is the remainder when 25830 is divided by 13?
12
Calculate the remainder when 76596 is divided by 779.
254
Calculate the remainder when 100331 is divided by 33440.
11
Calculate the remainder when 870 is divided by 807.
63
What is the remainder when 20619 is divided by 143?
27
Calculate the remainder when 419844 is divided by 14994.
12
Calculate the remainder when 2414 is divided by 758.
140
What is the remainder when 1171 is divided by 254?
155
What is the remainder when 708 is divided by 453?
255
What is the remainder when 34753 is divided by 201?
181
What is the remainder when 9367 is divided by 154?
127
What is the remainder when 2029 is divided by 1755?
274
Calculate the remainder when 2657 is divided by 268.
245
Calculate the remainder when 62329 is divided by 445.
29
Calculate the remainder when 351709 is divided by 8.
5
What is the remainder when 72707 is divided by 14532?
47
What is the remainder when 212155 is divided by 663?
658
Calculate the remainder when 7123 is divided by 22.
17
Calculate the remainder when 11582 is divided by 498.
128
What is the remainder when 1279 is divided by 488?
303
Calculate the remainder when 30601 is divided by 746.
15
Calculate the remainder when 1033 is divided by 107.
70
Calculate the remainder when 32751 is divided by 8.
7
Calculate the remainder when 5298 is divided by 183.
174
What is the remainder when 191475 is divided by 11965?
35
Calculate the remainder when 300245 is divided by 614.
613
What is the remainder when 3361 is divided by 754?
345
Calculate the remainder when 2239 is divided by 83.
81
What is the remainder when 4427313 is divided by 23?
20
Calculate the remainder when 12901 is divided by 33.
31
Calculate the remainder when 14286 is divided by 14.
6
What is the remainder when 15388 is divided by 218?
128
What is the remainder when 56521 is divided by 83?
81
What is the remainder when 2863 is divided by 50?
13
What is the remainder when 4334 is divided by 1096?
1046
What is the remainder when 47184 is divided by 414?
402
What is the remainder when 12901 is divided by 614?
7
What is the remainder when 6625 is divided by 3160?
305
What is the remainder when 959350 is divided by 23?
20
What is the remainder when 15698 is divided by 2606?
62
What is the remainder when 271836 is divided by 80?
76
What is the remainder when 7014 is divided by 778?
12
Calculate the remainder when 6720909 is divided by 12.
9
Calculate the remainder when 6298019 is divided by 30.
29
What is the remainder when 272663 is divided by 257?
243
What is the remainder when 9429 is divided by 2842?
903
Calculate the remainder when 721 is divided by 73.
64
What is the remainder when 7328 is divided by 2403?
119
What is the remainder when 468474 is divided by 976?
970
Calculate the remainder when 281037 is divided by 240.
237
What is the remainder when 32 is divided by 29?
3
What is the remainder when 58052 is divided by 36?
20
Calculate the remainder when 764 is divided by 121.
38
What is the remainder when 4949 is divided by 4117?
832
Calculate the remainder when 40890 is divided by 55.
25
What is the remainder when 7190 is divided by 167?
9
What is the remainder when 25329 is divided by 88?
73
Calculate the remainder when 12147 is divided by 315.
177
What is the remainder when 294343 is divided by 1090?
43
What is the remainder when 469027 is divided by 67003?
6
What is the remainder when 29212 is divided by 30?
22
Calculate the remainder when 45119 is divided by 164.
19
Calculate the remainder when 598777 is divided by 1274.
1271
What is the remainder when 927 is divided by 34?
9
Calculate the remainder when 56577 is divided by 115.
112
Calculate the remainder when 6823 is divided by 20.
3
What is the remainder when 37316 is divided by 21?
20
Calculate the remainder when 1174 is divided by 1164.
10
Calculate the remainder when 438814 is divided by 3112.
22
Calculate the remainder when 24668 is divided by 771.
767
Calculate the remainder when 68543 is divided by 96.
95
Calculate the remainder when 1659888 is divided by 77.
76
Calculate the remainder when 4749 is divided by 29.
22
What is the remainder when 263335 is divided by 308?
303
What is the remainder when 11763 is divided by 5613?
537
Calculate the remainder when 301 is divided by 66.
37
Calculate the remainder when 14191 is divided by 354.
31
Calculate the remainder when 4353 is divided by 693.
195
Calculate the remainder when 44674 is divided by 44669.
5
What is the remainder when 40193 is divided by 532?
293
What is the remainder when 15118 is divided by 1861?
230
What is the remainder when 13790 is divided by 511?
504
Calculate the remainder when 20821 is divided by 29.
28
Calculate the remainder when 5862 is divided by 420.
402
What is the remainder when 34429 is divided by 233?
178
Calculate the remainder when 132627 is divided by 1005.
972
Calculate the remainder when 476650 is divided by 122.
118
What is the remainder when 9465 is divided by 9436?
29
Calculate the remainder when 4227269 is divided by 7.
4
What is the remainder when 2770 is divided by 2709?
61
Calculate the remainder when 22780 is divided by 1037.
1003
Calculate the remainder when 1569 is divided by 165.
84
What is the remainder when 2449025 is divided by 11444?
9
What is the remainder when 323378 is divided by 609?
608
Calculate the remainder when 2810 is divided by 91.
80
What is the remainder when 246638 is divided by 123310?
18
Calculate the remainder when 4327 is divided by 825.
202
Calculate the remainder when 17476 is divided by 539.
228
Calculate the remainder when 31003 is divided by 7729.
87
Calculate the remainder when 25858 is divided by 1988.
14
Calculate the remainder when 14638 is divided by 1827.
22
What is the remainder when 538923 is divided by 25?
23
Calculate the remainder when 822689 is divided by 55.
54
What is the remainder when 9377533 is divided by 299?
295
Calculate the remainder when 4643 is divided by 56.
51
Calculate the remainder when 6348 is divided by 17.
7
Calculate the remainder when 4111 is divided by 138.
109
Calculate the remainder when 33387 is divided by 11128.
3
Calculate the remainder when 7036 is divided by 754.
250
What is the remainder when 1344 is divided by 311?
100
What is the remainder when 3336 is divided by 471?
39
Calculate the remainder when 1204 is divided by 403.
398
What is the remainder when 212 is divided by 174?
38
What is the remainder when 36603 is divided by 36145?
458
What is the remainder when 2741 is divided by 5?
1
Calculate the remainder when 21668 is divided by 3.
2
What is the remainder when 41016 is divided by 89?
76
Calculate the remainder when 22963 is divided by 41.
3
What is the remainder when 359 is divided by 63?
44
Calculate the remainder when 122127 is divided by 646.
33
What is the remainder when 15935 is divided by 3128?
295
Calculate the remainder when 2130 is divided by 363.
315
What is the remainder when 5222 is divided by 845?
152
What is the remainder when 101454 is divided by 103?
102
Calculate the remainder when 8379 is divided by 8261.
118
What is the remainder when 41930 is divided by 446?
6
Calculate the remainder when 9748 is divided by 50.
48
Calculate the remainder when 26332 is divided by 13140.
52
What is the remainder when 84476 is divided by 117?
2
Calculate the remainder when 6077 is divided by 585.
227
What is the remainder when 849 is divided by 69?
21
What is the remainder when 554790 is divided by 56?
54
Calculate the remainder when 17543 is divided by 452.
367
What is the remainder when 532165 is divided by 104?
101
Calculate the remainder when 4453 is divided by 20.
13
Calculate the remainder when 1633 is divided by 413.
394
Calculate the remainder when 20438 is divided by 11.
0
What is the remainder when 393 is divided by 346?
47
What is the remainder when 2555 is divided by 2531?
24
What is the remainder when 14352 is divided by 74?
70
What is the remainder when 2023 is divided by 14?
7
Calculate the remainder when 481749 is divided by 13.
8
Calculate the remainder when 155014 is divided by 265.
254
What is the 